{"id":5976,"date":"2024-09-15T15:50:18","date_gmt":"2024-09-15T15:50:18","guid":{"rendered":"https:\/\/olktrading.pl\/?post_type=product&#038;p=5976"},"modified":"2025-03-02T17:28:48","modified_gmt":"2025-03-02T17:28:48","slug":"masazer-reczny-tonga","status":"publish","type":"product","link":"https:\/\/companylux.pl\/index.php\/produkt\/masazer-reczny-tonga\/","title":{"rendered":"Masa\u017cer r\u0119czny <br> TONGA"},"content":{"rendered":"<ul>\n<li><\/li>\n<\/ul>\n","protected":false},"excerpt":{"rendered":"<div class=\"uk-panel uk-margin-small\">Mata masuj\u0105ca Saisho to doskona\u0142e rozwi\u0105zanie dla os\u00f3b prowadz\u0105cych ma\u0142o aktywny styl \u017cycia oraz pracuj\u0105cych g\u0142\u00f3wnie w pozycji siedz\u0105cej. Ma\u0142a aktywno\u015b\u0107 fizyczn\u0105 prowadzi cz\u0119sto do r\u00f3\u017cnego rodzaju dolegliwo\u015bci, takich jak b\u00f3le plec\u00f3w, odcinka l\u0119d\u017awiowego i szyi.<\/p>\n<p>W konsekwencji, mo\u017ce to przyczynia\u0107 si\u0119 do rozwoju powa\u017cniejszych schorze\u0144, takich jak osteochondroza, skolioza oraz inne zaburzenia pracy uk\u0142adu mi\u0119\u015bniowo-szkieletowego, a tak\u017ce problem\u00f3w z utrzymaniem prawid\u0142owej masy cia\u0142a. Jednak dzi\u0119ki unikalnej, wielofunkcyjnej macie masuj\u0105cej Saisho, mo\u017cesz cieszy\u0107 si\u0119 korzy\u015bciami osobistego masa\u017cysty, kt\u00f3ry pomo\u017ce z\u0142agodzi\u0107 dolegliwo\u015bci i zapobiega\u0107 wielu problemom ze zdrowiem.<\/p><\/div>\n<h1 class=\"uk-h5\">Dost\u0119pne kolory:<\/h1>\n<p>czarny<\/p>\n<p>szary<\/p>\n<p>fiolet<\/p>\n","protected":false},"featured_media":4642,"template":"","meta":[],"product_brand":[],"product_cat":[30,23],"product_tag":[],"class_list":{"0":"post-5976","1":"product","2":"type-product","3":"status-publish","4":"has-post-thumbnail","6":"product_cat-masazery","7":"product_cat-masazery-reczne","9":"first","10":"instock","11":"shipping-taxable","12":"purchasable","13":"product-type-simple"},"_links":{"self":[{"href":"https:\/\/companylux.pl\/index.php\/wp-json\/wp\/v2\/product\/5976","targetHints":{"allow":["GET"]}}],"collection":[{"href":"https:\/\/companylux.pl\/index.php\/wp-json\/wp\/v2\/product"}],"about":[{"href":"https:\/\/companylux.pl\/index.php\/wp-json\/wp\/v2\/types\/product"}],"wp:featuredmedia":[{"embeddable":true,"href":"https:\/\/companylux.pl\/index.php\/wp-json\/wp\/v2\/media\/4642"}],"wp:attachment":[{"href":"https:\/\/companylux.pl\/index.php\/wp-json\/wp\/v2\/media?parent=5976"}],"wp:term":[{"taxonomy":"product_brand","embeddable":true,"href":"https:\/\/companylux.pl\/index.php\/wp-json\/wp\/v2\/product_brand?post=5976"},{"taxonomy":"product_cat","embeddable":true,"href":"https:\/\/companylux.pl\/index.php\/wp-json\/wp\/v2\/product_cat?post=5976"},{"taxonomy":"product_tag","embeddable":true,"href":"https:\/\/companylux.pl\/index.php\/wp-json\/wp\/v2\/product_tag?post=5976"}],"curies":[{"name":"wp","href":"https:\/\/api.w.org\/{rel}","templated":true}]}}