{"id":5941,"date":"2024-09-15T14:48:11","date_gmt":"2024-09-15T14:48:11","guid":{"rendered":"https:\/\/olktrading.pl\/?post_type=product&#038;p=5941"},"modified":"2025-03-02T15:15:23","modified_gmt":"2025-03-02T15:15:23","slug":"rower-elektryczny-moov-way","status":"publish","type":"product","link":"https:\/\/companylux.pl\/index.php\/produkt\/rower-elektryczny-moov-way\/","title":{"rendered":"Rower elektryczny <br> Moov Way"},"content":{"rendered":"","protected":false},"excerpt":{"rendered":"<div class=\"uk-panel uk-margin-small\" data-id=\"page#1-1-1-5\" data-element=\"\">\n<div data-removefontsize=\"true\" data-originalcomputedfontsize=\"16\"><strong>Rower elektryczny:<\/strong><\/div>\n<ul>\n<li data-removefontsize=\"true\" data-originalcomputedfontsize=\"16\">Tempomat<\/li>\n<li data-removefontsize=\"true\" data-originalcomputedfontsize=\"16\">Dzwonek rowerowy<\/li>\n<li data-removefontsize=\"true\" data-originalcomputedfontsize=\"16\">Regulowane siode\u0142ko<\/li>\n<li data-removefontsize=\"true\" data-originalcomputedfontsize=\"16\">waga 19 kg<\/li>\n<li data-removefontsize=\"true\" data-originalcomputedfontsize=\"16\">Wy\u015bwietlacz\u00a0LCD<\/li>\n<li data-removefontsize=\"true\" data-originalcomputedfontsize=\"16\">Przednie i tylne \u015bwiat\u0142o LED<\/li>\n<li data-removefontsize=\"true\" data-originalcomputedfontsize=\"16\">Mo\u017ce\u00a0bezpiecznie wjecha\u0107\u00a0na wzniesienie o nachyleniu 25 stopni<\/li>\n<li data-removefontsize=\"true\" data-originalcomputedfontsize=\"16\">Hamulce tarczowe prz\u00f3d\u00a0i ty\u0142<\/li>\n<li data-removefontsize=\"true\" data-originalcomputedfontsize=\"16\">Czas \u0142adowania 2-3 godziny<\/li>\n<li data-removefontsize=\"true\" data-originalcomputedfontsize=\"16\">Maksymalna waga 120 kg<\/li>\n<li data-removefontsize=\"true\" data-originalcomputedfontsize=\"16\">Maksymalny dystans na akumulatorze 20 km<\/li>\n<li data-removefontsize=\"true\" data-originalcomputedfontsize=\"16\">Maksymalna pr\u0119dko\u015b\u0107\u00a020 km\/h<\/li>\n<li data-removefontsize=\"true\" data-originalcomputedfontsize=\"16\">Ko\u0142a 14 cali<\/li>\n<li data-removefontsize=\"true\" data-originalcomputedfontsize=\"16\">Moc silnika 250 W<\/li>\n<li data-removefontsize=\"true\" data-originalcomputedfontsize=\"16\">Bateria litowo jonowa 36V 6,0 Ah<\/li>\n<li data-removefontsize=\"true\" data-originalcomputedfontsize=\"16\">Maksymalna pr\u0119dko\u015b\u0107\u00a0\/ zasi\u0119g\u00a0moze\u00a0sie\u00a0roznic w zaleznosci od warunkow, wagi, sposobu u\u017cytkowania, nachylenia itp.<\/li>\n<\/ul>\n<\/div>\n<h1 class=\"uk-h5\" data-id=\"page#1-1-1-6\" data-element=\"\">Dost\u0119pne kolory:<\/h1>\n<ul>\n<li>czarny<\/li>\n<\/ul>\n<div class=\"uk-margin uk-width-small uk-text-center\" data-id=\"page#1-1-1-7\" data-element=\"\">\n<div class=\"uk-grid uk-child-width-1-4 uk-child-width-1-4@s uk-child-width-1-4@m uk-child-width-1-4@l uk-child-width-1-4@xl uk-grid-small\">\n<div class=\"uk-flex uk-flex-center uk-flex-middle\"><\/div>\n<\/div>\n<\/div>\n","protected":false},"featured_media":5721,"template":"","meta":[],"product_brand":[],"product_cat":[22],"product_tag":[],"class_list":{"0":"post-5941","1":"product","2":"type-product","3":"status-publish","4":"has-post-thumbnail","6":"product_cat-rowery-elektryczne","8":"first","9":"instock","10":"shipping-taxable","11":"purchasable","12":"product-type-simple"},"_links":{"self":[{"href":"https:\/\/companylux.pl\/index.php\/wp-json\/wp\/v2\/product\/5941","targetHints":{"allow":["GET"]}}],"collection":[{"href":"https:\/\/companylux.pl\/index.php\/wp-json\/wp\/v2\/product"}],"about":[{"href":"https:\/\/companylux.pl\/index.php\/wp-json\/wp\/v2\/types\/product"}],"wp:featuredmedia":[{"embeddable":true,"href":"https:\/\/companylux.pl\/index.php\/wp-json\/wp\/v2\/media\/5721"}],"wp:attachment":[{"href":"https:\/\/companylux.pl\/index.php\/wp-json\/wp\/v2\/media?parent=5941"}],"wp:term":[{"taxonomy":"product_brand","embeddable":true,"href":"https:\/\/companylux.pl\/index.php\/wp-json\/wp\/v2\/product_brand?post=5941"},{"taxonomy":"product_cat","embeddable":true,"href":"https:\/\/companylux.pl\/index.php\/wp-json\/wp\/v2\/product_cat?post=5941"},{"taxonomy":"product_tag","embeddable":true,"href":"https:\/\/companylux.pl\/index.php\/wp-json\/wp\/v2\/product_tag?post=5941"}],"curies":[{"name":"wp","href":"https:\/\/api.w.org\/{rel}","templated":true}]}}