{"id":5920,"date":"2024-09-15T12:47:29","date_gmt":"2024-09-15T12:47:29","guid":{"rendered":"https:\/\/olktrading.pl\/?post_type=product&#038;p=5920"},"modified":"2025-11-19T20:59:35","modified_gmt":"2025-11-19T20:59:35","slug":"odkurzacz-i-mop-2w1","status":"publish","type":"product","link":"https:\/\/companylux.pl\/index.php\/produkt\/odkurzacz-i-mop-2w1\/","title":{"rendered":"Odkurzacz i mop 2w1"},"content":{"rendered":"<p>Kinetiq to nowoczesne urz\u0105dzenie 2w1, \u0142\u0105cz\u0105ce w sobie funkcj\u0119 odkurzacza i mopa. Premiera tego produktu mia\u0142a miejsce w roku 2023, a ju\u017c zd\u0105\u017cy\u0142 zyska\u0107 uznanie w\u015br\u00f3d u\u017cytkownik\u00f3w. Kinetiq V23 Twin Turbo posiada ledowy wska\u017anik baterii, dzi\u0119ki czemu zawsze b\u0119dziesz mie\u0107 pe\u0142n\u0105 kontrol\u0119 nad poziomem energii. Turboszczotka LED z mopem parowym to kolejne udogodnienie, kt\u00f3re pozwala na skuteczne usuwanie bakterii (do 99,9%) oraz kurzu i brudu. Odkurzacz jest pionowy, a regulowana rura umo\u017cliwia dotarcie nawet do trudno dost\u0119pnych miejsc.Kinetiq jest urz\u0105dzeniem bezprzewodowym i posiada wygodny uchwyt, co umo\u017cliwia wygodne i komfortowe czyszczenie. Lekka konstrukcja sprawia, \u017ce jest to urz\u0105dzenie bardzo \u0142atwe w u\u017cytkowaniu. Od\u0142\u0105czany odkurzacz r\u0119czny pozwala na czyszczenie nawet trudno dost\u0119pnych miejsc, takich jak tapicerka, kanapa czy okruchy ze sto\u0142u. Kinetiq zapewnia higieniczn\u0105 czysto\u015b\u0107 i d\u0142ugi czas pracy.<\/p>\n<p><strong>Najnowsza technologia<\/strong><\/p>\n<p>Nasz odkurzacz zaprojektowany zosta\u0142 z my\u015bl\u0105 o najlepszym mo\u017cliwym do\u015bwiadczeniu dla u\u017cytkownika. Zastosowano w nim najnowocze\u015bniejsze technologie oraz system filtrowania, kt\u00f3ry skutecznie usuwa nawet najdrobniejsze cz\u0105stki kurzu i alergeny. Co wi\u0119cej, jego kompaktowy rozmiar i waga sprawiaj\u0105, \u017ce jest \u0142atwy w u\u017cyciu i przenoszeniu, a ergonomiczny uchwyt i proste sterowanie umo\u017cliwiaj\u0105 wygodne sprz\u0105tanie. Poza tym, nasz odkurzacz jest wyposa\u017cony w szeroki zakres akcesori\u00f3w, dzi\u0119ki czemu mo\u017cna go u\u017cy\u0107 do czyszczenia trudno dost\u0119pnych miejsc. Wszystko to sprawia, \u017ce nasz odkurzacz jest jednym z najlepszych dost\u0119pnych na rynku.<\/p>\n<p><strong>Czysty i \u0142atwy<\/strong><br \/>\nMop na par\u0119 jest niezwykle \u0142atwy w u\u017cyciu i pozwala na czyste i skuteczne czyszczenie r\u00f3\u017cnych powierzchni. Nie wymaga dodatkowych \u015brodk\u00f3w czyszcz\u0105cych i pozwala na szybk\u0105 i efektywn\u0105 dezynfekcj\u0119. Jego lekka i zwinna konstrukcja umo\u017cliwia \u0142atwe przemieszczanie si\u0119 i manewrowanie w trudno dost\u0119pnych miejscach.<\/p>\n<p><strong>Oszcz\u0119dno\u015b\u0107 czasu<\/strong><br \/>\nMop na par\u0119 pozwala na oszcz\u0119dno\u015b\u0107 czasu podczas sprz\u0105tania. Dzi\u0119ki swojej mocy i skuteczno\u015bci mo\u017cna szybko i efektywnie wyczy\u015bci\u0107 du\u017ce powierzchnie bez konieczno\u015bci ponownego przecierania. Ponadto, nie trzeba czeka\u0107 na wyschni\u0119cie powierzchni po u\u017cyciu, co pozwala na natychmiastowe korzystanie z pomieszczenia.<\/p>\n<p><strong>Ekologiczne i higieniczne<\/strong><br \/>\nMopy na par\u0119 s\u0105 ekologiczne i higieniczne, poniewa\u017c nie wymagaj\u0105 dodatkowych \u015brodk\u00f3w chemicznych. Para wodna jest skuteczna w usuwaniu brudu i bakterii, co pozwala na utrzymanie czysto\u015bci i higieny bez szkodzenia \u015brodowisku. Dodatkowo, mopy na par\u0119 s\u0105 \u0142atwe do utrzymania w czysto\u015bci i dezynfekcji, co pozwala na ich d\u0142ugotrwa\u0142e u\u017cytkowanie.<\/p>\n<p><strong>Wysoka wydajno\u015b\u0107<\/strong><br \/>\nMopy na par\u0119 cechuj\u0105 si\u0119 wysok\u0105 wydajno\u015bci\u0105 i skuteczno\u015bci\u0105. Dzi\u0119ki swojej mocy i mo\u017cliwo\u015bci czyszczenia r\u00f3\u017cnych powierzchni bez konieczno\u015bci dodatkowych \u015brodk\u00f3w czyszcz\u0105cych, mo\u017cna zaoszcz\u0119dzi\u0107 czas i pieni\u0105dze. Ponadto, mopy na par\u0119 s\u0105 \u0142atwe w transporcie i przechowywaniu, co pozwala na ich wykorzystanie w r\u00f3\u017cnych miejscach.<\/p>\n<p>Je\u015bli jeste\u015b zm\u0119czony wiecznym traceniem czasu na odkurzanie i mycie pod\u0142\u00f3g, to mop parowy jest rozwi\u0105zaniem dla Ciebie. Ta innowacyjna technologia pozwala na jednoczesne odkurzanie i mycie pod\u0142\u00f3g, co pozwala na zaoszcz\u0119dzenie mn\u00f3stwa czasu i energii.<br \/>\nNie musisz ju\u017c traci\u0107 godzin na odkurzanie i mycie pod\u0142\u00f3g oddzielnie, mop parowy robi to wszystko w jednym kroku. Para wodna jest wypuszczana przez mop, co pozwala na skuteczne usuwanie kurzu, brudu i bakterii z powierzchni pod\u0142ogi. Nie potrzebujesz ju\u017c dodatkowych detergent\u00f3w ani \u015brodk\u00f3w czyszcz\u0105cych, poniewa\u017c para wodna jest wystarczaj\u0105ca, aby wyczy\u015bci\u0107 ka\u017cd\u0105 powierzchni\u0119.<br \/>\nMop parowy jest bardzo wygodny w u\u017cytkowaniu. Lekka i zwinna konstrukcja umo\u017cliwia swobodne poruszanie si\u0119 i docieranie do trudno dost\u0119pnych miejsc. Regulowana d\u0142ugo\u015b\u0107 uchwytu pozwala na wygodne u\u017cywanie go przez osoby o r\u00f3\u017cnym wzro\u015bcie.<br \/>\nKorzystanie z mopa parowego jest r\u00f3wnie\u017c bardzo ekonomiczne. Nie musisz ju\u017c wydawa\u0107 pieni\u0119dzy na dodatkowe \u015brodki czyszcz\u0105ce ani na wymian\u0119 filtr\u00f3w. Wod\u0119 i par\u0119 mo\u017cna \u0142atwo uzupe\u0142nia\u0107, a mop jest bardzo \u0142atwy do czyszczenia i konserwacji.<\/p>\n","protected":false},"excerpt":{"rendered":"<p>Najnowsza technologia zastosowana w Kinetiq umo\u017cliwia skuteczne i szybkie czyszczenie.<br \/>\nPod\u015bwietlenie led uwidacznia nawet ukryte zanieczyszczenia.<br \/>\n\u0141adny design i du\u017ca moc ssania sprawiaj\u0105, \u017ce jest to urz\u0105dzenie idealne dla ka\u017cdej pani domu.<br \/>\nSkr\u00f3ci ono czas wykonywania prac domowych i u\u0142atwi sprz\u0105tanie.<br \/>\nKinetiq jest lepszy ni\u017c tradycyjne odkurzacze i zosta\u0142 wyprodukowany przez firm\u0119 z wieloletnim do\u015bwiadczeniem w bran\u017cy produkcji sprz\u0119t\u00f3w elektronicznych.<\/p>\n","protected":false},"featured_media":5733,"template":"","meta":[],"product_brand":[],"product_cat":[31,18],"product_tag":[],"class_list":{"0":"post-5920","1":"product","2":"type-product","3":"status-publish","4":"has-post-thumbnail","6":"product_cat-odkurzacze","7":"product_cat-urzadzenia-agd","9":"first","10":"instock","11":"shipping-taxable","12":"purchasable","13":"product-type-simple"},"_links":{"self":[{"href":"https:\/\/companylux.pl\/index.php\/wp-json\/wp\/v2\/product\/5920","targetHints":{"allow":["GET"]}}],"collection":[{"href":"https:\/\/companylux.pl\/index.php\/wp-json\/wp\/v2\/product"}],"about":[{"href":"https:\/\/companylux.pl\/index.php\/wp-json\/wp\/v2\/types\/product"}],"wp:featuredmedia":[{"embeddable":true,"href":"https:\/\/companylux.pl\/index.php\/wp-json\/wp\/v2\/media\/5733"}],"wp:attachment":[{"href":"https:\/\/companylux.pl\/index.php\/wp-json\/wp\/v2\/media?parent=5920"}],"wp:term":[{"taxonomy":"product_brand","embeddable":true,"href":"https:\/\/companylux.pl\/index.php\/wp-json\/wp\/v2\/product_brand?post=5920"},{"taxonomy":"product_cat","embeddable":true,"href":"https:\/\/companylux.pl\/index.php\/wp-json\/wp\/v2\/product_cat?post=5920"},{"taxonomy":"product_tag","embeddable":true,"href":"https:\/\/companylux.pl\/index.php\/wp-json\/wp\/v2\/product_tag?post=5920"}],"curies":[{"name":"wp","href":"https:\/\/api.w.org\/{rel}","templated":true}]}}