{"id":5913,"date":"2024-09-15T12:28:03","date_gmt":"2024-09-15T12:28:03","guid":{"rendered":"https:\/\/olktrading.pl\/?post_type=product&amp;p=5913"},"modified":"2024-09-15T12:28:03","modified_gmt":"2024-09-15T12:28:03","slug":"stacja-fotowoltaiczna-z-falownikiem","status":"publish","type":"product","link":"https:\/\/companylux.pl\/index.php\/produkt\/stacja-fotowoltaiczna-z-falownikiem\/","title":{"rendered":"Stacja fotowoltaiczna <br> z falownikiem"},"content":{"rendered":"<p>Kod producenta:\u00a0<b>10062424<\/b><b>Stacja zasilania z panelem fotowoltaicznym i falownikiem marki MSW<\/b>\u00a0idealnie nadaje si\u0119 do u\u017cycia na kempingu, \u0142odzi, w ogrodzie czy w domu. Zestaw zawiera m.in. panel s\u0142oneczny o du\u017cej mocy (<b>2 x 160 W<\/b>) w po\u0142\u0105czeniu z opcj\u0105 szybkiego \u0142adowania stacja zasilania jest w pe\u0142ni na\u0142adowana ju\u017c po\u00a0<b>5<\/b>\u00a0godzinach. Falownik przetwarza uzyskany pr\u0105d sta\u0142y na pr\u0105d zmienny, czyni\u0105c go u\u017cytecznym. Dzi\u0119ki akumulatorowi\u00a0<b>0,75 kWh<\/b>\u00a0mamy zapewnion\u0105 energi\u0119 nawet przy z\u0142ej pogodzie i w nocy. \u0141\u0105czna moc\u00a0<b>1000 W<\/b>\u00a0umo\u017cliwia korzystanie z urz\u0105dze\u0144 elektrycznych w ka\u017cdych warunkach. Akumulator ma\u00a0<b>3\u00a0<\/b>gniazda\u00a0<b>DC<\/b>\u00a0(12 V),\u00a0<b>4<\/b>\u00a0gniazda\u00a0<b>USB<\/b>\u00a0i\u00a0<b>2<\/b>\u00a0gniazda\u00a0<b>230 V<\/b>. Monta\u017c i u\u017cytkowanie s\u0105 proste i bezpieczne, dzi\u0119ki licznym funkcjom ochronnym (ochrona przed przeci\u0105\u017ceniem, przegrzaniem i zwarciem). Panel s\u0142oneczny wykonany z hartowanego szk\u0142a, \u017cywicy EVA i folii odpornej na warunki atmosferyczne, oraz rama z anodowanego aluminium jest wytrzyma\u0142a nawet w najtrudniejszych warunkach.<\/p>\n<p><b>Cechy produktu:<\/b><\/p>\n<ul>\n<li>Wydajna stacja o \u0142\u0105cznej mocy 1000 W z panelem solarnym 2 x 160 W, oraz bardzo mocnym akumulatorem 0.75 kWh,<\/li>\n<li>Mobilna, \u0142atwa w u\u017cyciu idealna na kemping, \u0142\u00f3d\u017a, do ogrodu (wsz\u0119dzie, gdzie nie ma dost\u0119pu do sieci elektrycznej),<\/li>\n<li>3 gniazda DC (12 V), 4 gniazda USB, 2 gniazda 230 V,<\/li>\n<li>Bezpiecze\u0144stwo u\u017cycia dzi\u0119ki ochronie przed Przeci\u0105\u017ceniem, przegrzaniem i zwarciem<\/li>\n<\/ul>\n","protected":false},"excerpt":{"rendered":"<h2 class=\"uk-heading-bullet uk-margin-remove-bottom uk-scrollspy-inview\" data-id=\"page#1-1-1-6\" data-element=\"\" uk-scrollspy-class=\"\">\u00a0Specyfikacja Techniczna:<\/h2>\n<ul class=\"uk-list uk-list-bullet uk-margin uk-scrollspy-inview\" data-id=\"page#1-1-1-7\" data-element=\"\" uk-scrollspy-class=\"\">\n<li class=\"el-item\">\n<div class=\"el-content uk-panel\">\n<ul>\n<li>Nr katalogowy \u2013\u00a0<b>10062424<\/b><\/li>\n<li>Stan artyku\u0142u \u2013\u00a0<b>Nowy<\/b><\/li>\n<li>Model \u2013\u00a0<b>S-POWER SYSTEM PSWI 1000<\/b><\/li>\n<li>Materia\u0142 \u2013\u00a0<b>Aluminium, Plastik, Szk\u0142o hartowane, Silikon<\/b><\/li>\n<li>Przew\u00f3d zasilaj\u0105cy [m] \u2013\u00a0<b>5<\/b><\/li>\n<li>Moc [W] \u2013\u00a0<b>1000<\/b><\/li>\n<li>Rodzaj baterii \u2013\u00a0<b>Lifepo4 (750 Wh)<\/b><\/li>\n<li>Napi\u0119cie wyj\u015bciowe [V] \u2013\u00a0<b>DC: 12 V (3 sztuki) \/ USB: 5 V (4 sztuki) \/ AC: 230 V (2 sztuki)<\/b><\/li>\n<li>Moc panelu s\u0142onecznego [W] \u2013\u00a0<b>2 x 160<\/b><\/li>\n<li>Klasa ochrony IP \u2013\u00a0<b>63<\/b><\/li>\n<li>Maksymalna moc wyj\u015bciowa kolektora s\u0142onecznego [W] \u2013\u00a0<b>1000<\/b><\/li>\n<li>Lampa LED \u2013\u00a0<b>Tak<\/b><\/li>\n<li>Zasilanie bateri\u0105 \u2013\u00a0<b>Tak<\/b><\/li>\n<li>Wymiary (DxSxW) [cm] \u2013\u00a0<b>102 x 102 x 33<\/b><\/li>\n<li>Waga [kg] \u2013\u00a0<b>23<\/b><\/li>\n<li>Wymiary wysy\u0142ki (DxSxW) [cm] \u2013\u00a0<b>163 x 98 x 54<\/b><\/li>\n<li>Waga wysy\u0142ki [kg] \u2013\u00a0<b>28<\/b><\/li>\n<\/ul>\n<\/div>\n<\/li>\n<\/ul>\n","protected":false},"featured_media":5741,"template":"","meta":[],"product_brand":[],"product_cat":[21],"product_tag":[],"class_list":{"0":"post-5913","1":"product","2":"type-product","3":"status-publish","4":"has-post-thumbnail","6":"product_cat-odnawialne-zrodla-energii","8":"first","9":"instock","10":"shipping-taxable","11":"purchasable","12":"product-type-simple"},"_links":{"self":[{"href":"https:\/\/companylux.pl\/index.php\/wp-json\/wp\/v2\/product\/5913","targetHints":{"allow":["GET"]}}],"collection":[{"href":"https:\/\/companylux.pl\/index.php\/wp-json\/wp\/v2\/product"}],"about":[{"href":"https:\/\/companylux.pl\/index.php\/wp-json\/wp\/v2\/types\/product"}],"wp:featuredmedia":[{"embeddable":true,"href":"https:\/\/companylux.pl\/index.php\/wp-json\/wp\/v2\/media\/5741"}],"wp:attachment":[{"href":"https:\/\/companylux.pl\/index.php\/wp-json\/wp\/v2\/media?parent=5913"}],"wp:term":[{"taxonomy":"product_brand","embeddable":true,"href":"https:\/\/companylux.pl\/index.php\/wp-json\/wp\/v2\/product_brand?post=5913"},{"taxonomy":"product_cat","embeddable":true,"href":"https:\/\/companylux.pl\/index.php\/wp-json\/wp\/v2\/product_cat?post=5913"},{"taxonomy":"product_tag","embeddable":true,"href":"https:\/\/companylux.pl\/index.php\/wp-json\/wp\/v2\/product_tag?post=5913"}],"curies":[{"name":"wp","href":"https:\/\/api.w.org\/{rel}","templated":true}]}}